ase 9) in base 5?
-3
Convert -31 (base 10) to base 8.
-37
Convert 8 (base 12) to base 5.
13
110100 (base 2) to base 14
3a
105 (base 6) to base 12
35
What is -12 (base 3) in base 9?
-5
What is -111 (base 2) in base 11?
-7
Convert -15 (base 7) to base 9.
-13
What is 13 (base 5) in base 6?
12
What is -10 (base 2) in base 15?
-2
5a (base 11) to base 15
45
Convert -124 (base 6) to base 4.
-310
-10 (base 14) to base 13
-11
221 (base 3) to base 8
31
Convert -2 (base 3) to base 13.
-2
Convert -6 (base 16) to base 4.
-12
What is 11 (base 2) in base 5?
3
Convert 25 (base 13) to base 3.
1011
10010 (base 3) to base 5
314
Convert 2 (base 6) to base 7.
2
1 (base 6) to base 11
1
Convert -6 (base 7) to base 9.
-6
21 (base 4) to base 10
9
What is -136 (base 15) in base 4?
-10110
What is 0 (base 5) in base 12?
0
3 (base 7) to base 9
3
Convert -15 (base 13) to base 11.
-17
63 (base 7) to base 2
101101
Convert 20 (base 4) to base 13.
8
Convert -3 (base 16) to base 12.
-3
What is 15 (base 12) in base 2?
10001
What is -3 (base 8) in base 12?
-3
What is 0 (base 16) in base 11?
0
Convert -19 (base 10) to base 13.
-16
Convert -10 (base 7) to base 5.
-12
Convert 10 (base 2) to base 8.
2
-12 (base 4) to base 2
-110
28 (base 14) to base 6
100
8 (base 15) to base 10
8
What is 6 (base 15) in base 16?
6
Convert -33 (base 5) to base 6.
-30
Convert -c2 (base 14) to base 3.
-20022
Convert c (base 15) to base 10.
12
Convert -1 (base 5) to base 2.
-1
What is 43 (base 5) in base 3?
212
Convert -101 (base 3) to base 16.
-a
-8 (base 12) to base 6
-12
Convert -11121 (base 3) to base 9.
-147
Convert -3 (base 10) to base 16.
-3
What is -22 (base 10) in base 12?
-1a
Convert 42 (base 5) to base 13.
19
Convert -11 (base 12) to base 14.
-d
What is -12 (base 7) in base 10?
-9
What is -49 (base 15) in base 11?
-63
What is -10 (base 7) in base 4?
-13
-10 (base 2) to base 4
-2
What is -103 (base 4) in base 8?
-23
224 (base 7) to base 8
164
Convert c (base 14) to base 16.
c
-1 (base 13) to base 14
-1
What is 2 (base 15) in base 13?
2
What is 10 (base 10) in base 16?
a
-5b (base 12) to base 10
-71
Convert -2 (base 3) to base 13.
-2
-29 (base 10) to base 13
-23
What is -3 (base 10) in base 13?
-3
What is -c3 (base 14) in base 9?
-210
551 (base 7) to base 13
188
Convert -12 (base 16) to base 4.
-102
What is -3 (base 5) in base 6?
-3
19 (base 14) to base 10
23
What is -161 (base 8) in base 4?
-1301
What is -5 (base 11) in base 5?
-10
Convert 2 (base 15) to base 13.
2
11 (base 7) to base 11
8
What is -411 (base 5) in base 13?
-82
-2 (base 9) to base 13
-2
What is -315 (base 10) in base 11?
-267
What is 1 (base 7) in base 5?
1
Convert 2 (base 3) to base 12.
2
Convert 5 (base 12) to base 7.
5
Convert -10 (base 4) to base 2.
-100
Convert -22 (base 8) to base 16.
-12
What is c0 (base 15) in base 5?
1210
2 (base 12) to base 6
2
Convert 5 (base 6) to base 16.
5
What is -3 (base 12) in base 5?
-3
Convert 105 (base 7) to base 14.
3c
What is -1 (base 15) in base 6?
-1
What is -11 (base 11) in base 15?
-c
-9b (base 16) to base 7
-311
Convert 0 (base 14) to base 9.
0
Convert -11 (base 15) to base 6.
-24
What is -2 (base 10) in base 8?
-2
Convert -1 (base 13) to base 7.
-1
-b (base 12) to base 16
-b
What is 33 (base 5) in base 4?
102
-11 (base 14) to base 5
-30
Convert -350 (base 6) to base 11.
-116
Convert 2 (base 5) to base 10.
2
Convert 10 (base 9) to base 6.
13
-11202 (base 3) to base 6
-332
Convert 15 (base 13) to base 6.
30
Convert -1 (base 11) to base 8.
-1
Convert -146 (base 14) to base 5.
-2013
66 (base 12) to base 3
2220
-3 (base 15) to base 5
-3
What is 0 (base 6) in base 4?
0
What is -72 (base 9) in base 15?
-45
What is 0 (base 3) in base 14?
0
What is 2 (base 11) in base 7?
2
Convert -5 (base 10) to base 8.
-5
What is -1100 (base 2) in base 6?
-20
What is 0 (base 14) in base 4?
0
Convert -7 (base 16) to base 4.
-13
What is -2 (base 3) in base 7?
-2
14 (base 13) to base 7
23
Convert 1101 (base 5) to base 13.
b8
What is -6 (base 7) in base 6?
-10
What is 14 (base 6) in base 13?
a
7 (base 16) to base 12
7
What is b (base 14) in base 9?
12
What is 4 (base 15) in base 3?
11
4 (base 8) to base 4
10
What is 22 (base 10) in base 12?
1a
Convert 1132 (base 4) to base 5.
334
What is -10000101 (base 2) in base 16?
-85
3 (base 15) to base 8
3
Convert 39 (base 14) to base 8.
63
Convert 1 (base 4) to base 15.
1
0 (base 16) to base 2
0
What is 1 (base 5) in base 9?
1
What is -1 (base 3) in base 10?
-1
What is -11 (base 2) in base 10?
-3
What is -9 (base 14) in base 15?
-9
Convert 252 (base 7) to base 14.
99
-11 (base 14) to base 10
-15
What is 1 (base 2) in base 4?
1
1100 (base 2) to base 15
c
-61 (base 8) to base 16
-31
-4 (base 6) to base 13
-4
-3c (base 14) to base 3
-2000
-8b (base 13) to base 3
-11021
-333 (base 7) to base 16
-ab
4 (base 12) to base 5
4
-131 (base 5) to base 7
-56
What is -30 (base 9) in base 15?
-1c
Convert -1 (base 8) to base 7.
-1
Convert -3 (base 8) to base 3.
-10
Convert -17 (base 14) to base 9.
-23
11 (base 7) to base 5
13
What is 4 (base 15) in base 5?
4
What is 1010 (base 3) in base 6?
50
What is 10 (base 10) in base 3?
101
What is -1015 (base 6) in base 13?
-146
-1 (base 11) to base 8
-1
Convert -205 (base 6) to base 8.
-115
What is -3 (base 11) in base 6?
-3
Convert -2 (base 7) to base 4.
-2
What is 3 (base 13) in base 12?
3
Convert -5 (base 9) to base 15.
-5
What is 1 (base 9) in base 4?
1
What is -213 (base 5) in base 13?
-46
What is 12 (base 15) in base 6?
25
Convert -10 (base 9) to base 3.
-100
What is 31 (base 15) in base 10?
46
What is 0 (base 5) in base 4?
0
-8 (base 11) to base 12
-8
-52 (base 7) to base 2
-100101
8 (base 10) to base 13
8
-4 (base 6) to base 3
-11
Convert 13 (base 11) to base 7.
20
50 (base 11) to base 14
3d
220 (base 3) to base 15
19
What is -5 (base 9) in base 3?
-12
Convert -2b (base 13) to base 7.
-52
What is 1100 (base 2) in base 6?
20
10 (base 5) to base 8
5
Convert -2 (base 14) to base 7.
-2
3 (base 5) to base 11
3
Convert 106 (base 8) to base 13.
55
What is 21 (base 11) in base 10?
23
-18 (base 16) to base 5
-44
What is -11 (base 13) in base 5?
-24
Convert 3 (base 14) to base 13.
3
Convert -74 (base 9) to base 11.
-61
Convert 132 (base 5) to base 6.
110
-100200 (base 3) to base 11
-218
What is 323 (base 4) in base 15?
3e
-c6 (base 14) to base 10
-174
What is -a9 (base 16) in base 4?
-2221
25 (base 13) to base 5
111
-12b (base 13) to base 14
-10a
Convert -6 (base 14) to base 16.
-6
Convert -4 (base 13) to base 9.
-4
What is -4 (base 7) in base 10?
-4
Convert -7 (base 12) to base 11.
-7
Convert 1 (base 14) to base 5.
1
-6 (base 15) to base 6
-10
What is 3 (base 12) in base 4?
3
-23 (base 15) to base 12
-29
Convert -2 (base 11) to base 10.
-2
What is 1 (base 3) in base 11?
1
Convert 4 (base 13) to base 16.
4
Convert 1402 (base 5) to base 15.
102
Convert 1 (base 9) to base 15.
1
-4 (base 9) to base 16
-4
Convert 23 (base 5) to base 2.
1101
What is -1134 (base 6) in base 5?
-2044
Convert da (base 15) to base 16.
cd
Convert 2 (base 3) to base 11.
2
Convert -4 (base 16) to base 12.
-4
Convert 12d (base 14) to base 2.
11101101
What is -14 (base 6) in base 13?
-a
-22 (base 3) to base 12
-8
What is 13 (base 14) in base 13?
14
200 (base 7) to base 12
82
0 (base 9) to base 10
0
What is -a (base 14) in base 4?
-22
Convert 0 (base 10) to base 12.
0
0 (base 14) to base 10
0
Convert -3 (base 7) to base 16.
-3
Convert -2 (base 15) to base 13.
-2
Convert 31 (base 5) to base 14.
12
What is -6 (base 14) in base 3?
-20
What is 2 (base 6) in base 11?
2
Convert 30 (base 7) to base 2.
10101
What is 7 (base 15) in base 13?
7
What is -21 (base 3) in base 5?
-12
Convert -76 (base 8) to base 16.
-3e
Convert 4 (base 6) to base 9.
4
Convert 1 (base 14) to base 7.
1
-20 (base 14) to base 6
-44
What is -51 (base 7) in base 10?
-36
-1 (base 14) to base 4
-1
Convert -1e (base 16) to base 12.
-26
What is -1 (base 15) in base 9?
-1
Convert 4 (base 12) to base 16.
4
What is -20 (base 3) in base 7?
-6
What is -74 (base 15) in base 10?
-109
What is 1 (base 10) in base 7?
1
What is 197 (base 10) in base 5?
1242
Convert -9 (base 11) to base 8.
-11
What is 2133 (base 4) in base 7?
315
-235 (base 8) to base 10
-157
1024 (base 5) to base 12
b7
-57 (base 12) to base 14
-4b
What is 2 (base